 -5*s - 4*r + 92 = 49, s = -2*r + 5. Let c(q) = 16 - 18 + q - 16. What is c(s)?
-7
Suppose 3*t + 0 = 18. Let h(m) be the second derivative of 1/2*m**2 + 1/6*m**3 + m + 38. What is h(t)?
7
Let b(f) = 2*f + 2. Let p be b(3). Let c(d) = 14*d + 10. Let n(a) = 5*a + 80. Let m be n(-15). Let i(s) = 17*s + 10. Let y(u) = m*i(u) - 6*c(u). Calculate y(p).
-2
Suppose -4*o = 5*w - 218, 2*w + 4*o = 47 + 57. Let n(i) = -11*i + 418. What is n(w)?
0
Let w be 17861/(-2022) - (2 - (-14)/(-6))/(-2). Let l(v) = v**2 + 8*v - 38. Give l(w).
-29
Let o(n) be the third derivative of 5*n**4/6 + 223*n**3/6 + 3039*n**2. Calculate o(-11).
3
Let z(t) = 53*t - 3. Let q = -64 - -69. Let o(s) = -146 - q*s + 148 - 30*s. Let i(d) = 8*o(d) + 5*z(d). Calculate i(1).
-14
Let k(m) = m**3 + 5*m**2 - 4*m - 7. Let f be (-18)/(-81)*12*6/4. Let p be ((-65)/(-156))/((-2)/6)*f. Give k(p).
13
Let m(o) = 789 + 2*o - 267 - 268 - 263 - o**2. Give m(2).
-9
Let d(f) = f**2 - 24*f - 526. Suppose -7*r = 179*r + 2604. Calculate d(r).
6
Let z(g) be the third derivative of -1/12*g**4 + 5/3*g**3 + 0 + 0*g - 38*g**2. Suppose 4*x = 50 - 18. What is z(x)?
-6
Let n(t) = -324 + 2*t + 696 - 194 + 4*t. Give n(-29).
4
Let y(p) = -p + 1. Suppose 82*n - 1125 = 57*n. Let a(v) = v**2 - 41*v - 187. Let i be a(n). Calculate y(i).
8
Let x(d) = d**3 - 7*d**2 - 6*d - 8. Let l(g) = -6*g - 26. Let f be l(-4). Let v be 10 - 2/(-2)*f. Determine x(v).
8
Let z(b) be the first derivative of b**4/4 - 10*b**3 + 14*b**2 + 33*b - 610. What is z(29)?
4
Let b(c) = 4*c**2 + 4*c - 13. Let y(g) = g**2 - g + 1. Let d(u) = -b(u) + 5*y(u). Let x be d(12). Let t(r) = -7 + 3 - x*r + 53*r. Calculate t(-3).
-1
Let f(m) = 4*m**2 - 19*m + 5. Let u(v) = 3*v**2 - 13*v + 3. Let b(t) = 5*f(t) - 7*u(t). Let n(q) = 56*q - 7677. Let r be n(137). What is b(r)?
-1
Let g(w) = 8*w - 178. Let y(l) = -2*l + 35. Let r(v) = -2*g(v) - 11*y(v). Give r(5).
1
Let t be (-22)/33 + (1/6)/(24/2688). Let f(a) = a**2 - 15*a - 24. Calculate f(t).
30
Let t = -336 - -330. Let z be t/10 + 91/35. Let h(k) = -2*k**2 + 3*k - 2. Calculate h(z).
-4
Let v be (252/(-567))/((-6)/189). Let h(f) = -2*f + 45. Determine h(v).
17
Let o(n) = n**2 + n - 12. Let d(k) = -k**3 + k**2 + 2*k + 12. Let s be d(3). Let u be (s + 0)/(-3*(5 - 4)). What is o(u)?
-12
Let x(q) be the third derivative of -q**5/60 - q**3/6 + 3*q**2. Let y(s) = -3*s**2 - 6*s - 8. Let h be y(6). Let z = 154 + h. What is x(z)?
-5
Let x(s) = s + 3. Let l be x(-5). Let g = l - 0. Let c(m) = 4*m - m + 2*m - 136*m**2 - 2*m + 137*m**2. What is c(g)?
-2
Let a(p) = 23 - 2*p**3 - 22 + p**2 + 5*p**3 - 2*p. Let f = 84 - 81. Suppose 8 = -k - f*k, 2*k + 7 = 3*b. Determine a(b).
3
Let j(v) = 2 - 26*v - 4*v + 26*v. Suppose -41*h + 45*h = 80. Suppose -4*i + 12 + 4 = -5*m, 4*m + h = -4*i. Determine j(m).
18
Let l(v) = 811 + 813 - 241*v**2 - 1616 + 240*v**2. Give l(4).
-8
Let n(t) = t**3 + 7*t**2 + 6*t + 8. Let y(x) = -82*x**2 - 7*x - 11. Let c be y(-2). Let i = -331 - c. Give n(i).
8
Let v(s) = -s**2 - 31*s - 150. Suppose -27 + 50 = -42*l - 229. What is v(l)?
0
Let p(z) = z**3 - 12*z**2 + 22*z - 19. Suppose -300 = -36303*n + 36273*n. Give p(n).
1
Let o(i) = -26*i - 5. Let v = -2 + 0. Let l(m) be the second derivative of 5*m**3/6 + m**2/2 - m + 38. Let k(z) = v*o(z) - 11*l(z). Give k(1).
-4
Suppose 0 = 5*b + 2 - 12. Suppose -11*x + 12 = -21. Let f(o) = -138*o**3 + 68*o**3 - x*o + 3 + 69*o**3. Give f(b).
-11
Suppose 4*n = -0*n. Let l = -2 - n. Let u(w) = -11*w - w**2 + 6*w + 6*w + 3 - 2. Determine u(l).
-5
Let z = -3 + 6. Let i be ((-4)/z + 2)*-12. Let y(n) = 22*n**2 - 86*n - 118. Let j(s) = -3*s**2 + 11*s + 16. Let t(v) = -15*j(v) - 2*y(v). What is t(i)?
4
Let h(g) = 2*g**2 + 3. Let m(z) = z**2 + 17*z + 42. Let d be m(-14). Suppose 9*q = 3*q. Let s be d + q + 33/(-11). Give h(s).
21
Let l(a) be the third derivative of a**6/120 + 7*a**5/20 - 23*a**4/24 - 2*a**3 + 592*a**2 + 1. Give l(-22).
10
Let c(a) = a. Let s(q) = 22 + 10*q + 3*q + q**2 - 15 - 8*q. Let g(t) = -2*c(t) - s(t). Determine g(-6).
-1
Let b(n) = -7*n - 2. Let c(i) = 5*i + 2. Let z = -267 - -269. Let o(q) = z*c(q) + 3*b(q). Give o(-2).
20
Let g = -17 + 28. Let w = g + -9. Let k(b) = 7*b**2 + 2*b - 2. Let y(x) = 3*x**2 + x - 1. Let c(o) = w*k(o) - 5*y(o). What is c(1)?
-1
Let r(h) be the second derivative of -22*h + 7/6*h**3 - 1/120*h**5 + 0*h**2 - 1/6*h**4 + 0. Let d(z) be the second derivative of r(z). Determine d(0).
-4
Suppose -2 = 2*f + 2. Let n(r) be the first derivative of -37 + 4/3*r**3 + r**2 + 0*r. Give n(f).
12
Let k = -112 - -80. Let f = 38 + k. Let v(u) = -u**2 + 7*u + 5. What is v(f)?
11
Let k(v) be the third derivative of v**8/20160 - v**7/1680 - v**5/30 + v**2. Let j(l) be the third derivative of k(l). Let p = -811 - -808. Calculate j(p).
18
Let m(z) = 7*z**2 - 7*z + 8*z - z**3 + 92 + 6*z - 105 + 12*z. Give m(9).
-4
Let g(r) = -8*r + 41. Let x(d) = -d**2 + 11. Let v(l) = g(l) - 2*x(l). Give v(2).
11
Let l(w) = -5*w**2 - 2*w + 3. Let d be l(1). Let t be 2 + (-24)/18*6/d. Suppose -k - q = -4, 0*q = -5*k + t*q + 11. Let z(o) = o**2 - 4*o + 3. What is z(k)?
0
Let b(s) be the third derivative of 5*s**4/24 + 41*s**3/3 + 269*s**2 - s. Give b(-19).
-13
Let z(k) = -2*k**2 + 3*k**2 + 9826 + 8*k + 9762 - 19634 + 0*k**2. Calculate z(-11).
-13
Let y(i) be the first derivative of 1/2*i**4 + 1/2*i**3 + 12*i - 10 + 1/20*i**5 - 3/2*i**2. Let o(k) be the first derivative of y(k). Calculate o(-5).
7
Suppose 5*s - 11 = 2*o + 4, 2*o = 0. Let l(f) = -2*f + 3 - 6 + 9*f**s + 0 + 0 - 10*f**3. Suppose -2*w - 7 + 3 = 0. Calculate l(w).
9
Let u(c) = c**2 - 10*c - 1. Let v(s) = 3*s**2 - 24*s - 26. Let a(q) = -2*u(q) + v(q). Give a(8).
8
Let d = 2783 + -55659/20. Let g(a) be the second derivative of -a - d*a**5 - 2/3*a**3 + 0 + 1/3*a**4 + 3/2*a**2. Calculate g(2).
3
Let t(f) = -4*f**2 + 104*f + 360. Let o be t(29). Let i(w) = w**2 - 8*w - 12. What is i(o)?
36
Let p(d) = -d**2 - 6*d + 2. Suppose -14*c = -0*c + 8176. Let m = -589 - c. Give p(m).
7
Let j = -14 - -28. Suppose z + 4*y - j = 0, -5*z - 19 = -10*z - 3*y. Let a(h) = -2*h + 7*h - h**3 + 2*h**z + 9 - 6. Determine a(4).
-9
Let w(j) be the third derivative of 5*j**4/12 + 35*j**3/6 + 112*j**2. Let a be w(-4). Let h(z) = -2 - z**3 - 2*z**2 - 1 - 2*z**2 + 2*z. Determine h(a).
12
Let w(r) be the third derivative of r**5/40 - r**4/24 - 11*r**3/2 - 101*r**2. Let p(z) be the first derivative of w(z). Give p(2).
5
Let b(w) = 193*w - 1147. Let d be b(6). Let s(l) be the first derivative of -1/3*l**3 + d + 9*l - 1/2*l**2. Calculate s(0).
9
Let v(o) = o**3 + 2*o**2 - 14*o - 37. Let q = -905 + 902. Calculate v(q).
-4
Let p(r) be the first derivative of -r**4/4 - r**3/3 + 3*r**2/2 + 96*r - 7844. Give p(0).
96
Let p(k) = k**3 - 4*k**2 + 3*k + 4. Let i be (2*(-3)/18)/(3/(-36)). Determine p(i).
16
Let k(r) = -4*r - 368 + 174 + 178 + 2*r + r**2. Calculate k(5).
-1
Let m(s) be the second derivative of s**5/20 + s**4/3 - 8*s**3/3 + 3*s**2 - s + 67. Calculate m(-7).
-29
Suppose 0 = m + 2*v, v = 4*m + 2*v - 21. Let k(d) = 9*d - 1. Let l(w) = -8*w + 1. Let b(u) = m*l(u) + 7*k(u). What is b(-1)?
-16
Let l = -720 - -716. Let b(c) = 17*c**2 + 5*c - 10. Let z(t) = 24*t**2 + 8*t - 15. Let j(s) = 7*b(s) - 5*z(s). Give j(l).
9
Suppose -3*r + 34 = -2*g, -4*r - 104 = -136. Let s(h) = -4*h**2 - 9*h - 10. Give s(g).
-65
Let t(w) be the second derivative of w**4/6 - 38*w**3/3 + 37*w**2 - 417*w. Calculate t(37).
0
Let p = 60 - -45. Let t(g) = -206*g**2 - 5*g + p*g**2 + 10 + 100*g**2. Calculate t(-7).
-4
Suppose 3*a - 174 + 183 = -2*x, -5*a - 2*x - 11 = 0. Let w(y) = 18*y**2 + 2*y - 6. Let i(z) = -19*z**2 - 2*z + 5. Let k(v) = -7*i(v) - 6*w(v). Give k(a).
24
Let o(d) = -115*d - 9780. Let p be o(-85). Let u(b) = b**3 + 8*b**2 - 12*b - 11. Calculate u(p).
124
Let o(v) = 2*v**2 + 2. Let h(b) = -b**2 - 9*b - 3. Let t be h(-8). Suppose 3*g - 4*u = -13, g - t*u - 7 = 5*g. Calculate o(g).
20
Let c(o) be the first derivative of -133 + 5*o**2 + 3*o - 17*o**2 + 7*o**2 + 4*o**2. What is c(6)?
-9
Suppose -3*g = -2*g - 5, 0 = -h + g - 6. Let j(p) be the third derivative of 0*p + 1/6*p**3 + 8*p**2 + 5 - 1/6*p**4. Give j(h).
5
Let b(i) be the third derivative of -i**6/120 + i**5/30 + i**4/6 + i**3/2 + 3*i**2 - 857*i. Determine b(0).
3
Let x(f) be the third derivative of -f**5/30 